n 11298 is divided by 83.
10
Calculate the remainder when 3287 is divided by 3250.
37
What is the remainder when 724938 is divided by 1549?
6
What is the remainder when 4359 is divided by 1447?
18
Calculate the remainder when 948 is divided by 424.
100
What is the remainder when 23965 is divided by 224?
221
What is the remainder when 48618 is divided by 286?
284
Calculate the remainder when 497254 is divided by 53.
8
What is the remainder when 26563 is divided by 15?
13
Calculate the remainder when 59882 is divided by 288.
266
Calculate the remainder when 5057 is divided by 421.
5
Calculate the remainder when 15846 is divided by 8.
6
Calculate the remainder when 79830 is divided by 373.
8
What is the remainder when 877 is divided by 116?
65
What is the remainder when 38081 is divided by 1092?
953
Calculate the remainder when 12942 is divided by 6468.
6
Calculate the remainder when 19909 is divided by 356.
329
What is the remainder when 19552 is divided by 10?
2
What is the remainder when 8384 is divided by 482?
190
Calculate the remainder when 10587 is divided by 10567.
20
What is the remainder when 5700 is divided by 1506?
1182
What is the remainder when 1295 is divided by 1204?
91
What is the remainder when 299480 is divided by 108?
104
What is the remainder when 12792 is divided by 1269?
102
Calculate the remainder when 25857 is divided by 616.
601
What is the remainder when 4674 is divided by 548?
290
What is the remainder when 53032 is divided by 5892?
4
What is the remainder when 7276 is divided by 10?
6
What is the remainder when 4934 is divided by 114?
32
What is the remainder when 41515 is divided by 8301?
10
What is the remainder when 2930 is divided by 1254?
422
What is the remainder when 1149882 is divided by 31?
30
What is the remainder when 42363 is divided by 16?
11
Calculate the remainder when 8234 is divided by 394.
354
What is the remainder when 79467 is divided by 1622?
1611
What is the remainder when 2530317 is divided by 195?
192
Calculate the remainder when 12284 is divided by 182.
90
What is the remainder when 262359 is divided by 35?
34
Calculate the remainder when 12765 is divided by 399.
396
Calculate the remainder when 53662 is divided by 96.
94
What is the remainder when 2550 is divided by 267?
147
Calculate the remainder when 46313 is divided by 253.
14
Calculate the remainder when 11503 is divided by 1072.
783
Calculate the remainder when 6080 is divided by 244.
224
Calculate the remainder when 3286 is divided by 117.
10
What is the remainder when 8627 is divided by 336?
227
What is the remainder when 9432 is divided by 53?
51
What is the remainder when 6787 is divided by 680?
667
What is the remainder when 61748 is divided by 10?
8
Calculate the remainder when 4357 is divided by 184.
125
What is the remainder when 18576 is divided by 442?
12
What is the remainder when 4737 is divided by 8?
1
What is the remainder when 4376159 is divided by 598?
593
Calculate the remainder when 4877 is divided by 83.
63
What is the remainder when 8914 is divided by 726?
202
What is the remainder when 656218 is divided by 266?
262
Calculate the remainder when 4348 is divided by 4342.
6
What is the remainder when 2572 is divided by 1277?
18
Calculate the remainder when 6637 is divided by 6.
1
Calculate the remainder when 9118 is divided by 195.
148
Calculate the remainder when 51460 is divided by 80.
20
Calculate the remainder when 327893 is divided by 17.
14
What is the remainder when 753578 is divided by 93?
92
What is the remainder when 24869 is divided by 857?
16
What is the remainder when 207165 is divided by 312?
309
What is the remainder when 7022 is divided by 50?
22
What is the remainder when 2009 is divided by 466?
145
What is the remainder when 14139 is divided by 1284?
15
What is the remainder when 45 is divided by 15?
0
Calculate the remainder when 69185 is divided by 14.
11
Calculate the remainder when 2506 is divided by 25.
6
Calculate the remainder when 6412 is divided by 101.
49
What is the remainder when 4904 is divided by 149?
136
Calculate the remainder when 65369 is divided by 125.
119
Calculate the remainder when 69176 is divided by 26.
16
What is the remainder when 1636 is divided by 1608?
28
Calculate the remainder when 29867 is divided by 12.
11
What is the remainder when 11563 is divided by 22?
13
What is the remainder when 48905 is divided by 429?
428
What is the remainder when 109173 is divided by 77?
64
Calculate the remainder when 104378 is divided by 6958.
8
Calculate the remainder when 4641 is divided by 1001.
637
Calculate the remainder when 164078 is divided by 10.
8
Calculate the remainder when 68730 is divided by 866.
316
What is the remainder when 1904857 is divided by 3?
1
What is the remainder when 9501 is divided by 1186?
13
What is the remainder when 8404 is divided by 757?
77
What is the remainder when 11207 is divided by 699?
23
What is the remainder when 3161 is divided by 242?
15
Calculate the remainder when 10521 is divided by 3263.
732
What is the remainder when 41028 is divided by 40?
28
Calculate the remainder when 337536 is divided by 65.
56
What is the remainder when 177 is divided by 121?
56
Calculate the remainder when 2103 is divided by 701.
0
Calculate the remainder when 43923 is divided by 371.
145
Calculate the remainder when 3300 is divided by 254.
252
Calculate the remainder when 8553 is divided by 2848.
9
Calculate the remainder when 162821 is divided by 11.
10
Calculate the remainder when 11715 is divided by 1177.
1122
What is the remainder when 173377 is divided by 92?
49
Calculate the remainder when 28478 is divided by 143.
21
What is the remainder when 130094 is divided by 32523?
2
Calculate the remainder when 900360 is divided by 131.
128
Calculate the remainder when 23324 is divided by 1386.
1148
Calculate the remainder when 247547 is divided by 43.
39
Calculate the remainder when 165040 is divided by 4025.
15
Calculate the remainder when 3377400 is divided by 1125792.
24
What is the remainder when 970 is divided by 967?
3
What is the remainder when 41947 is divided by 13970?
37
What is the remainder when 6856 is divided by 19?
16
What is the remainder when 12266 is divided by 685?
621
What is the remainder when 5776 is divided by 2876?
24
Calculate the remainder when 2516 is divided by 936.
644
What is the remainder when 7377 is divided by 51?
33
Calculate the remainder when 169224 is divided by 6264.
96
Calculate the remainder when 3897 is divided by 297.
36
Calculate the remainder when 1705 is divided by 18.
13
What is the remainder when 3021 is divided by 1944?
1077
Calculate the remainder when 4869 is divided by 789.
135
What is the remainder when 12118 is divided by 17?
14
Calculate the remainder when 21609 is divided by 122.
15
Calculate the remainder when 5193336 is divided by 189.
183
Calculate the remainder when 14910 is divided by 2129.
7
What is the remainder when 264687 is divided by 17?
14
Calculate the remainder when 6133 is divided by 91.
36
Calculate the remainder when 12292 is divided by 289.
154
Calculate the remainder when 23732 is divided by 377.
358
Calculate the remainder when 541 is divided by 246.
49
Calculate the remainder when 11295 is divided by 1122.
75
Calculate the remainder when 1130 is divided by 146.
108
What is the remainder when 18666 is divided by 204?
102
What is the remainder when 21831 is divided by 61?
54
Calculate the remainder when 1126688 is divided by 419.
416
What is the remainder when 67697 is divided by 217?
210
What is the remainder when 16056 is divided by 3812?
808
What is the remainder when 234976 is divided by 310?
306
Calculate the remainder when 136375 is divided by 934.
11
What is the remainder when 108945 is divided by 21789?
0
Calculate the remainder when 111975 is divided by 17.
13
Calculate the remainder when 66240 is divided by 24.
0
Calculate the remainder when 1418 is divided by 600.
218
What is the remainder when 278 is divided by 132?
14
Calculate the remainder when 1963 is divided by 966.
31
What is the remainder when 10067 is divided by 47?
9
What is the remainder when 19854 is divided by 1525?
29
What is the remainder when 370612 is divided by 416?
372
What is the remainder when 662758 is divided